 - 16 = -0. Suppose x*g - 71 = -2*g - c, -g = c - 14. Is g a composite number?
False
Let f(x) = x**2 + 83. Is f(0) prime?
True
Let t be 2/(-5) - 44/(-10). Is 678/12*t/2 prime?
True
Let m(a) = -2*a + a**3 - 4 + 8*a**2 - 2*a**3 - 2 - 4. Is m(7) prime?
False
Is 1150 - (0 + 1)/(16 - 17) a composite number?
False
Suppose -5*a - 25 = 4*s - 8*s, -a - 5 = -4*s. Let r = 20 + -8. Suppose r + 34 = 2*m + 4*h, s = 5*m + 2*h - 123. Is m a composite number?
True
Let h(c) = 127*c**2 - 4*c - 7. Is h(-2) a prime number?
True
Let p(m) = m**2 + 6*m - 9. Let y be p(-7). Let l(q) = -193*q - 5. Is l(y) a composite number?
True
Let i(g) be the third derivative of g**6/24 - g**5/60 + g**4/24 - 2*g**2. Let h be i(1). Suppose 0 = h*t - 25, 5*o - o = -5*t + 1509. Is o a prime number?
False
Let y = 24 + 14. Suppose v = -v + y. Is v composite?
False
Let q(n) = 80*n - 2. Suppose d - 3*d + 4 = 0. Let b be q(d). Suppose b = 3*l - l. Is l a composite number?
False
Suppose -q + 3*f = -1114, 0*f - f = 3*q - 3382. Is q prime?
False
Let i = 333 - 118. Is (3 + i)*1/2 a composite number?
False
Suppose -6 = 4*n + 146. Let f = 103 + n. Is f a prime number?
False
Let t(x) = 1 + x**2 - 10*x - 2 + 4. Let h be t(7). Is (-2)/9 + (-1426)/h a composite number?
False
Let d be -12*((-39)/12 + -2). Let j = 14 + -10. Suppose j*w - d = -7. Is w a prime number?
False
Let j = 4 - 2. Let f = 2 - j. Suppose f = 4*n - 118 + 18. Is n composite?
True
Let n(p) be the third derivative of -p**6/120 + p**5/30 - p**3/6 - 2*p**2. Let t be n(1). Suppose -46 = -y + 3*u, t = -u - 3*u + 12. Is y a composite number?
True
Suppose -2*a = -t, 0*t = -2*a + 2*t. Is 154 + 3/1 + a a prime number?
True
Let p = -9 - -11. Suppose 1014 = 4*q + 2*b, -6*q + 1017 = -p*q + 5*b. Is q composite?
True
Suppose -2*y + 5*c + 0*c = -83, y - 44 = 3*c. Suppose t = 22 + y. Is t a prime number?
False
Let m(s) = -s**2 + 3*s + 3. Let n be m(4). Let q(l) = -3 - 27*l - 3 + 5 - 9*l. Is q(n) a composite number?
True
Let o(j) = j**2 - 4*j + 9. Let r = 24 - 9. Let c = r + -9. Is o(c) prime?
False
Suppose -2*p = 2*p - 4. Let k be 2275/30 + p/6. Let l = k + -53. Is l composite?
False
Let n be ((-3)/15 - -1)*5. Let x = n + 81. Suppose 5*a = -5*o + x, -a + 4*o + 1 + 1 = 0. Is a a prime number?
False
Let b be 2/1 + 35 + -5. Let r = b + -13. Is r prime?
True
Let o(c) = 14*c + 5. Let l be o(5). Let f = l - 52. Is f composite?
False
Suppose t = -3*t + 2980. Is t prime?
False
Suppose 0 = -5*s + 6510 + 2095. Is s prime?
True
Let k(n) = 179*n - 7. Let a be (-18)/(-12)*4*1. Let j be k(a). Suppose -5*m + j = 3*v, -2*v + 389 = 4*m - 463. Is m a composite number?
False
Let d(m) = -m**3 - m**2 + 149. Is d(0) composite?
False
Let f = 39 + 118. Is f a composite number?
False
Let z = -378 + 533. Is z composite?
True
Let a = 132 - 84. Let g = a + -29. Is g prime?
True
Suppose -s + 326 = 2*o - o, s - 2*o - 341 = 0. Is s a composite number?
False
Suppose 3*f - 45 = -0*f. Let x = f - 10. Is -1*x*(2 - 4) a composite number?
True
Let n = -563 - -1212. Is n a composite number?
True
Let x = -2 - 8. Let v = x - -16. Is v/(1 - -2) - -20 composite?
True
Suppose 2*s = -43 - 17. Let w = -16 - s. Is w prime?
False
Let r be 1/(-6) - (-125)/30. Suppose 0 = -k + 3*j + 383, -4*j = -k - r*k + 1959. Is k composite?
True
Let t(c) = -c**2 + c + 1. Let i be t(-4). Let x = -27 + 56. Let l = i + x. Is l composite?
True
Let r = -15154 + 24269. Is r a composite number?
True
Let m = -127 + 284. Suppose 2*k - 5*c = 160, -5*k = -4*c - 574 + m. Is k prime?
False
Suppose 2*m + 1 + 17 = x, -x = -5*m - 18. Let w = x - 5. Suppose f - 76 = w. Is f prime?
True
Let p = 66 - -1. Is p a composite number?
False
Suppose 0*b + 18 = 2*b. Let x(r) = 5*r**3 + 30*r**2 - 39*r + 1. Let k(j) = 3*j**3 + 20*j**2 - 26*j + 1. Let c(w) = -8*k(w) + 5*x(w). Is c(b) prime?
False
Let o = -173 + 1125. Suppose 4*l + 5*a - 197 = 552, -5*l + o = a. Is l a composite number?
False
Let z(x) = 38*x - 11. Is z(15) prime?
False
Suppose -3*z + 108 = -o + 3*o, 5*z + 4*o - 180 = 0. Let s be z/10 - (-4)/10. Let n(x) = 8*x - 1. Is n(s) composite?
False
Suppose 2*h = -s - 2, 1 - 14 = -4*s - h. Let o(w) = 2*w + s*w - 1 + 5*w. Is o(2) a composite number?
True
Suppose 7*l = 2*l + 8255. Is l composite?
True
Let z(o) = o**3 + 11*o**2 - 10*o - 13. Suppose -d - 16 = -5. Is z(d) prime?
True
Let u be (-16)/(-4) - (-1 + 0). Suppose 4*n = -4*b + 18 - 2, -17 = -4*b - u*n. Suppose 266 = b*g - g. Is g composite?
True
Let i(p) be the second derivative of -p**5/20 + 3*p**4/2 - 11*p**3/6 + 11*p**2/2 - 5*p. Is i(9) composite?
False
Suppose -678 = -2*f + 4*w, -5*f + 4*w + 1687 = 2*w. Is f a composite number?
False
Let g = 147 + -32. Is g a composite number?
True
Suppose 6*w = w - 30. Is w/4*222/(-9) a prime number?
True
Suppose 5*j = j + 536. Is j a composite number?
True
Let h(i) = -4*i**3 + 12*i**2 + 2*i - 12. Let t(n) = -3*n**3 + 11*n**2 + 3*n - 11. Let m(s) = 4*h(s) - 5*t(s). Let k be m(-6). Is k + 6/(-2) + 4 prime?
False
Suppose -w = -3*w + 646. Let y = 580 - w. Is y prime?
True
Let z = 6 + -20. Is 4/z + 597/7 a composite number?
True
Suppose 3*k = 5*f + 1 - 0, 4*k + f = 9. Suppose 0 = -i + 5*c - 18 - 0, 0 = -k*i - 3*c + 16. Suppose -i*l + 3*l = 26. Is l composite?
True
Is (0 - -670)/((-6)/(-3)) a prime number?
False
Suppose k + l = 136, -542 = -5*k + 5*l + 188. Let d = k - 62. Is d prime?
True
Suppose 9 = 3*x + 24. Let u = 8 + x. Suppose 0 = -m - u*m + 148. Is m prime?
True
Let o(w) = 4*w**3 + 3*w**2 - 6*w + 5. Is o(3) composite?
True
Is 30004/22 - (-2)/11 - 3 prime?
True
Let t = -2346 - -3443. Is t a prime number?
True
Let m(u) = -u**2 + 13*u + 2. Let g be m(6). Suppose 0 = -5*p - 4*n + g, 3*p - 4*p - 5*n - 8 = 0. Is 2/8 - (-1425)/p composite?
True
Let d be (2/2)/(4/20). Suppose d*j = z - 2*z + 565, 0 = 3*j - 2*z - 339. Is j composite?
False
Suppose -3*a = -y - 3*y + 637, 5*y - 4*a - 797 = 0. Suppose -3*z - 5*o = -z - 314, -y = -z + o. Is z a composite number?
False
Suppose 3*x = 6*x - 162. Let w = x - 23. Is w composite?
False
Let d(b) = b**3 + 12*b**2 - b + 3. Suppose 4*g + 38 = 2*p, -2*g = 4*p - 3*p + 29. Is d(g) prime?
False
Suppose -5*d + 313 = -172. Is d composite?
False
Let s be 4*((-33)/(-12) + 1). Suppose -m = -4*m - s. Let l(i) = i**3 + 6*i**2 - i + 7. Is l(m) a prime number?
True
Let u = 366 - 252. Suppose -a + u = a. Is a a composite number?
True
Suppose -8 = 2*m + 5*a + 13, -15 = 3*a. Suppose 2*n + m*f - 33 = 123, 2*n = 3*f + 151. Is n prime?
False
Suppose 4*r = -4*u, 3*r + 14 = 4*u - 0*u. Let c(j) = 3*j**3 + 4*j - j**3 - 2 - 3*j + 0*j - 2*j**u. Is c(3) a composite number?
False
Suppose 13 - 2 = -x + 3*j, -5*x = 5*j - 45. Suppose -1 = -x*d + 3, s - 80 = -3*d. Is s a composite number?
True
Let v(i) = 36*i + 1. Suppose -2*x + 3*x - 2*k - 1 = 0, 3 = k. Let a be v(x). Suppose -5*c + 4*c = -a. Is c a prime number?
False
Let x = 245 + 292. Is x composite?
True
Let t(i) = i**2 - 10*i + 10. Let z be t(7). Let u = -3 + z. Let f = u + 65. Is f composite?
True
Suppose 0 = -h - 3*h - j - 631, -3*h + 4*j - 478 = 0. Let o = -72 - h. Is o a composite number?
True
Let w be (-4 - (-2 + -1)) + -3. Is 938/(-7)*2/w a prime number?
True
Let m(h) be the first derivative of -h**7/105 - h**6/120 - h**5/60 - h**4/8 - h**3/3 - 1. Let o(j) be the third derivative of m(j). Is o(-2) a prime number?
True
Let a(r) = -4 + r + 1 - 4. Let q be a(9). Is ((-19)/(-2) + -2)*q a prime number?
False
Let h(g) = 70*g**3 + g. Is h(1) composite?
False
Suppose 22 = 2*t - 194. Let z = -75 + t. Is z prime?
False
Let d(l) = l**2 - 9*l + 13. Is d(-11) a composite number?
False
Suppose q + 2*u = -8, u - 10 = 3*u. Let d(n) = 106*n**2 - 3*n + 1. Is d(q) a composite number?
False
Let j = -759 + 1156. Is j prime?
True
Suppose 0 = -4*l - 3*w + 37, 5*l + 14 = 5*w + 34. Is l composite?
False
Let g(d) = -2*d + 3. Suppose 3*l = 4*k + 2*l - 10, -3*k + 5*l = 1. Let o be g(k). Let j = o - -14. Is j prime?
True
Suppose 2*a = -a + 603. Let x = -16 + a. Is x prime?
False
Is 2/7 + (-2978)/(-14) composite?
True
Let f be ((-2)/3)/((-1)/9). Suppose -f*d = -3*d - 3. Is (-85)/(-4) - d/4 prime?
False
Let r be 8/(-2)*(-4)/4. Suppose -f = -3*t + 883, r*t + 278 = f + 1456. Is t prime?
False
Suppose 5*z = -w + 8880, -4*z + 1983 = -w - 5130. Is z a prime number?
True
Suppose 0 = 2*v + 7*v - 14913. Is v compos